{"id":685,"date":"2024-03-04T21:21:54","date_gmt":"2024-03-04T20:21:54","guid":{"rendered":"https:\/\/www.modeimhanssonzentrum.at\/?page_id=685"},"modified":"2026-02-20T21:45:26","modified_gmt":"2026-02-20T20:45:26","slug":"linea-cinque","status":"publish","type":"page","link":"https:\/\/www.modeimhanssonzentrum.at\/?page_id=685","title":{"rendered":"Linea Cinque"},"content":{"rendered":"\n<p><strong>Linea Cinque<\/strong> &#8211; Mode aus Italien &#8211; au\u00dfergew\u00f6hnlich und trotzdem gut tragbar &#8211; lassen Sie sich bei uns im Gesch\u00e4ft inspirieren &#8211; hier finden Sie eine kleinen Ausschnitt unserer Kollektion.<\/p>\n\n\n\n<figure class=\"wp-block-gallery has-nested-images columns-default is-cropped wp-block-gallery-1 is-layout-flex wp-block-gallery-is-layout-flex\">\n<figure class=\"wp-block-image size-large\"><img loading=\"lazy\" decoding=\"async\" width=\"521\" height=\"1024\" data-id=\"3086\" src=\"https:\/\/www.modeimhanssonzentrum.at\/wp-content\/uploads\/2026\/02\/20250715_193650000_iOS-521x1024.jpg\" alt=\"\" class=\"wp-image-3086\" srcset=\"https:\/\/www.modeimhanssonzentrum.at\/wp-content\/uploads\/2026\/02\/20250715_193650000_iOS-521x1024.jpg 521w, https:\/\/www.modeimhanssonzentrum.at\/wp-content\/uploads\/2026\/02\/20250715_193650000_iOS-153x300.jpg 153w, https:\/\/www.modeimhanssonzentrum.at\/wp-content\/uploads\/2026\/02\/20250715_193650000_iOS.jpg 672w\" sizes=\"auto, (max-width: 521px) 100vw, 521px\" \/><\/figure>\n\n\n\n<figure class=\"wp-block-image size-large\"><img loading=\"lazy\" decoding=\"async\" width=\"575\" height=\"1024\" data-id=\"3079\" src=\"https:\/\/www.modeimhanssonzentrum.at\/wp-content\/uploads\/2026\/02\/20250715_193913000_iOS-575x1024.jpg\" alt=\"\" class=\"wp-image-3079\" srcset=\"https:\/\/www.modeimhanssonzentrum.at\/wp-content\/uploads\/2026\/02\/20250715_193913000_iOS-575x1024.jpg 575w, https:\/\/www.modeimhanssonzentrum.at\/wp-content\/uploads\/2026\/02\/20250715_193913000_iOS-169x300.jpg 169w, https:\/\/www.modeimhanssonzentrum.at\/wp-content\/uploads\/2026\/02\/20250715_193913000_iOS.jpg 704w\" sizes=\"auto, (max-width: 575px) 100vw, 575px\" \/><\/figure>\n\n\n\n<figure class=\"wp-block-image size-large\"><img loading=\"lazy\" decoding=\"async\" width=\"540\" height=\"1024\" data-id=\"3083\" src=\"https:\/\/www.modeimhanssonzentrum.at\/wp-content\/uploads\/2026\/02\/20250715_193615000_iOS-540x1024.jpg\" alt=\"\" class=\"wp-image-3083\" srcset=\"https:\/\/www.modeimhanssonzentrum.at\/wp-content\/uploads\/2026\/02\/20250715_193615000_iOS-540x1024.jpg 540w, https:\/\/www.modeimhanssonzentrum.at\/wp-content\/uploads\/2026\/02\/20250715_193615000_iOS-158x300.jpg 158w, https:\/\/www.modeimhanssonzentrum.at\/wp-content\/uploads\/2026\/02\/20250715_193615000_iOS.jpg 657w\" sizes=\"auto, (max-width: 540px) 100vw, 540px\" \/><\/figure>\n\n\n\n<figure class=\"wp-block-image size-large\"><img loading=\"lazy\" decoding=\"async\" width=\"682\" height=\"1024\" data-id=\"3082\" src=\"https:\/\/www.modeimhanssonzentrum.at\/wp-content\/uploads\/2026\/02\/20250715_193451000_iOS-682x1024.jpg\" alt=\"\" class=\"wp-image-3082\" srcset=\"https:\/\/www.modeimhanssonzentrum.at\/wp-content\/uploads\/2026\/02\/20250715_193451000_iOS-682x1024.jpg 682w, https:\/\/www.modeimhanssonzentrum.at\/wp-content\/uploads\/2026\/02\/20250715_193451000_iOS-200x300.jpg 200w, https:\/\/www.modeimhanssonzentrum.at\/wp-content\/uploads\/2026\/02\/20250715_193451000_iOS-768x1154.jpg 768w, https:\/\/www.modeimhanssonzentrum.at\/wp-content\/uploads\/2026\/02\/20250715_193451000_iOS.jpg 846w\" sizes=\"auto, (max-width: 682px) 100vw, 682px\" \/><\/figure>\n\n\n\n<figure class=\"wp-block-image size-large\"><img loading=\"lazy\" decoding=\"async\" width=\"566\" height=\"1024\" data-id=\"3088\" src=\"https:\/\/www.modeimhanssonzentrum.at\/wp-content\/uploads\/2026\/02\/20250715_193727000_iOS-566x1024.jpg\" alt=\"\" class=\"wp-image-3088\" srcset=\"https:\/\/www.modeimhanssonzentrum.at\/wp-content\/uploads\/2026\/02\/20250715_193727000_iOS-566x1024.jpg 566w, https:\/\/www.modeimhanssonzentrum.at\/wp-content\/uploads\/2026\/02\/20250715_193727000_iOS-166x300.jpg 166w, https:\/\/www.modeimhanssonzentrum.at\/wp-content\/uploads\/2026\/02\/20250715_193727000_iOS.jpg 687w\" sizes=\"auto, (max-width: 566px) 100vw, 566px\" \/><\/figure>\n\n\n\n<figure class=\"wp-block-image size-large\"><img loading=\"lazy\" decoding=\"async\" width=\"614\" height=\"1024\" data-id=\"3084\" src=\"https:\/\/www.modeimhanssonzentrum.at\/wp-content\/uploads\/2026\/02\/20250715_193814000_iOS-614x1024.jpg\" alt=\"\" class=\"wp-image-3084\" srcset=\"https:\/\/www.modeimhanssonzentrum.at\/wp-content\/uploads\/2026\/02\/20250715_193814000_iOS-614x1024.jpg 614w, https:\/\/www.modeimhanssonzentrum.at\/wp-content\/uploads\/2026\/02\/20250715_193814000_iOS-180x300.jpg 180w, https:\/\/www.modeimhanssonzentrum.at\/wp-content\/uploads\/2026\/02\/20250715_193814000_iOS-768x1282.jpg 768w, https:\/\/www.modeimhanssonzentrum.at\/wp-content\/uploads\/2026\/02\/20250715_193814000_iOS.jpg 806w\" sizes=\"auto, (max-width: 614px) 100vw, 614px\" \/><\/figure>\n\n\n\n<figure class=\"wp-block-image size-large\"><img loading=\"lazy\" decoding=\"async\" width=\"640\" height=\"1024\" data-id=\"3087\" src=\"https:\/\/www.modeimhanssonzentrum.at\/wp-content\/uploads\/2026\/02\/20250715_193719000_iOS-640x1024.jpg\" alt=\"\" class=\"wp-image-3087\" srcset=\"https:\/\/www.modeimhanssonzentrum.at\/wp-content\/uploads\/2026\/02\/20250715_193719000_iOS-640x1024.jpg 640w, https:\/\/www.modeimhanssonzentrum.at\/wp-content\/uploads\/2026\/02\/20250715_193719000_iOS-187x300.jpg 187w, https:\/\/www.modeimhanssonzentrum.at\/wp-content\/uploads\/2026\/02\/20250715_193719000_iOS.jpg 766w\" sizes=\"auto, (max-width: 640px) 100vw, 640px\" \/><\/figure>\n\n\n\n<figure class=\"wp-block-image size-large\"><img loading=\"lazy\" decoding=\"async\" width=\"497\" height=\"1024\" data-id=\"3080\" src=\"https:\/\/www.modeimhanssonzentrum.at\/wp-content\/uploads\/2026\/02\/20250715_194019000_iOS-497x1024.jpg\" alt=\"\" class=\"wp-image-3080\" srcset=\"https:\/\/www.modeimhanssonzentrum.at\/wp-content\/uploads\/2026\/02\/20250715_194019000_iOS-497x1024.jpg 497w, https:\/\/www.modeimhanssonzentrum.at\/wp-content\/uploads\/2026\/02\/20250715_194019000_iOS-146x300.jpg 146w, https:\/\/www.modeimhanssonzentrum.at\/wp-content\/uploads\/2026\/02\/20250715_194019000_iOS.jpg 651w\" sizes=\"auto, (max-width: 497px) 100vw, 497px\" \/><\/figure>\n\n\n\n<figure class=\"wp-block-image size-large\"><img loading=\"lazy\" decoding=\"async\" width=\"704\" height=\"1024\" data-id=\"3081\" src=\"https:\/\/www.modeimhanssonzentrum.at\/wp-content\/uploads\/2026\/02\/20250715_193459000_iOS-704x1024.jpg\" alt=\"\" class=\"wp-image-3081\" srcset=\"https:\/\/www.modeimhanssonzentrum.at\/wp-content\/uploads\/2026\/02\/20250715_193459000_iOS-704x1024.jpg 704w, https:\/\/www.modeimhanssonzentrum.at\/wp-content\/uploads\/2026\/02\/20250715_193459000_iOS-206x300.jpg 206w, https:\/\/www.modeimhanssonzentrum.at\/wp-content\/uploads\/2026\/02\/20250715_193459000_iOS-768x1117.jpg 768w, https:\/\/www.modeimhanssonzentrum.at\/wp-content\/uploads\/2026\/02\/20250715_193459000_iOS.jpg 888w\" sizes=\"auto, (max-width: 704px) 100vw, 704px\" \/><\/figure>\n\n\n\n<figure class=\"wp-block-image size-large\"><img loading=\"lazy\" decoding=\"async\" width=\"472\" height=\"1024\" data-id=\"3085\" src=\"https:\/\/www.modeimhanssonzentrum.at\/wp-content\/uploads\/2026\/02\/20250715_193820000_iOS-472x1024.jpg\" alt=\"\" class=\"wp-image-3085\" srcset=\"https:\/\/www.modeimhanssonzentrum.at\/wp-content\/uploads\/2026\/02\/20250715_193820000_iOS-472x1024.jpg 472w, https:\/\/www.modeimhanssonzentrum.at\/wp-content\/uploads\/2026\/02\/20250715_193820000_iOS-138x300.jpg 138w, https:\/\/www.modeimhanssonzentrum.at\/wp-content\/uploads\/2026\/02\/20250715_193820000_iOS.jpg 612w\" sizes=\"auto, (max-width: 472px) 100vw, 472px\" \/><\/figure>\n<\/figure>\n","protected":false},"excerpt":{"rendered":"<p>Linea Cinque &#8211; Mode aus Italien &#8211; au\u00dfergew\u00f6hnlich und trotzdem gut tragbar &#8211; lassen Sie sich bei uns im Gesch\u00e4ft inspirieren &#8211; hier finden Sie eine kleinen Ausschnitt unserer Kollektion.<\/p>\n","protected":false},"author":1,"featured_media":0,"parent":675,"menu_order":0,"comment_status":"closed","ping_status":"closed","template":"","meta":{"footnotes":""},"class_list":["post-685","page","type-page","status-publish","hentry"],"_links":{"self":[{"href":"https:\/\/www.modeimhanssonzentrum.at\/index.php?rest_route=\/wp\/v2\/pages\/685","targetHints":{"allow":["GET"]}}],"collection":[{"href":"https:\/\/www.modeimhanssonzentrum.at\/index.php?rest_route=\/wp\/v2\/pages"}],"about":[{"href":"https:\/\/www.modeimhanssonzentrum.at\/index.php?rest_route=\/wp\/v2\/types\/page"}],"author":[{"embeddable":true,"href":"https:\/\/www.modeimhanssonzentrum.at\/index.php?rest_route=\/wp\/v2\/users\/1"}],"replies":[{"embeddable":true,"href":"https:\/\/www.modeimhanssonzentrum.at\/index.php?rest_route=%2Fwp%2Fv2%2Fcomments&post=685"}],"version-history":[{"count":14,"href":"https:\/\/www.modeimhanssonzentrum.at\/index.php?rest_route=\/wp\/v2\/pages\/685\/revisions"}],"predecessor-version":[{"id":3093,"href":"https:\/\/www.modeimhanssonzentrum.at\/index.php?rest_route=\/wp\/v2\/pages\/685\/revisions\/3093"}],"up":[{"embeddable":true,"href":"https:\/\/www.modeimhanssonzentrum.at\/index.php?rest_route=\/wp\/v2\/pages\/675"}],"wp:attachment":[{"href":"https:\/\/www.modeimhanssonzentrum.at\/index.php?rest_route=%2Fwp%2Fv2%2Fmedia&parent=685"}],"curies":[{"name":"wp","href":"https:\/\/api.w.org\/{rel}","templated":true}]}}